b + 1. Determine a(6).
7
Let l(p) = -p**2 - 83*p + 688. Calculate l(-93).
-242
Let z(q) = 241*q + 1917. Calculate z(-8).
-11
Let r(l) = l**2 + 52*l - 554. Give r(9).
-5
Let x(m) = -4*m**2 + 135*m - 131. Calculate x(1).
0
Let f(h) = 2*h**2 - 996*h + 3964. What is f(4)?
12
Let h(m) = -m**3 - 14*m**2 + 16*m + 4. Determine h(-15).
-11
Let b(x) = 38*x**3 - 684*x**2 - 3*x + 49. Give b(18).
-5
Let s(z) = -3*z - 48. Determine s(-24).
24
Let t(n) = 24*n + 2809. Give t(-115).
49
Let l(c) = -c**3 - 11*c**2 - 16*c - 12. Give l(-9).
-30
Let k(f) = -f - 99. What is k(-12)?
-87
Let z(q) = 2*q**3 + 56*q**2 - 18. Give z(-28).
-18
Let y(s) = -7*s**3 - 74*s**2 - 37*s + 11. What is y(-10)?
-19
Let c(u) = 46*u**2 - 25*u - 61. What is c(-1)?
10
Let q(z) = -55*z - 633. Determine q(-7).
-248
Let v(q) = 87*q + 704. Calculate v(-8).
8
Let i(j) = j**3 + 10*j**2 + 39*j + 551. Calculate i(-11).
1
Let t(y) = y**2 + 22*y + 98. What is t(-16)?
2
Let k(c) = -18383*c + 91927. Calculate k(5).
12
Let q(z) = 2*z**2 - 24*z + 65. Calculate q(5).
-5
Let q(g) = 2*g**2 - 21066*g + 84244. Give q(4).
12
Let a(x) = x**2 - 39*x + 378. Determine a(22).
4
Let k(w) = -458*w - 7. Determine k(0).
-7
Let v(k) = -55*k - 1108. Calculate v(-20).
-8
Let o(m) = -6*m**2 + 27*m - 30. What is o(1)?
-9
Let o(n) = -386*n + 32802. What is o(85)?
-8
Let r(b) = 939*b - 8449. Determine r(9).
2
Let l(f) = 69*f - 1751. Calculate l(19).
-440
Let t(z) = z**2 + 27*z + 174. What is t(-10)?
4
Let o(h) = -4*h**2 - 157*h - 673. What is o(-5)?
12
Let b(u) = 94*u - 9402. Give b(100).
-2
Let i(z) = z**3 - 14*z**2 + 11*z - 20. Calculate i(4).
-136
Let b(v) = -3*v**2 - 428*v - 13281. What is b(-97)?
8
Let w(v) = -8*v**2 + 167*v + 493. Calculate w(-3).
-80
Let x(g) = -89*g - 1789. Determine x(-20).
-9
Let w(i) = -i**3 - 22*i**2 - 5*i + 280. Calculate w(-21).
-56
Let v(l) = -6*l**2 - 6*l - 2. Determine v(-1).
-2
Let w(d) = 136*d - 4098. What is w(30)?
-18
Let l(s) = -3*s**2 + 124*s + 1478. Determine l(51).
-1
Let d(w) = 28*w - 130. Calculate d(4).
-18
Let j(h) = 70*h + 1076. Calculate j(-15).
26
Let b(x) = x**2 + 2345*x + 21039. Determine b(-9).
15
Let b(q) = q**2 + 16*q + 45. Determine b(-14).
17
Let k(z) = -z**3 - 7*z**2 - 14*z - 2. Calculate k(-8).
174
Let h(l) = -l**2 + 88*l - 1317. Give h(69).
-6
Let c(h) = 2*h**2 + 27*h - 264. Determine c(-19).
-55
Let t(k) = -k**2 + 55*k - 134. Give t(52).
22
Let t(w) = -119*w - 6775. Calculate t(-57).
8
Let t(y) = -16*y + 690. Determine t(43).
2
Let b(v) = -29*v + 11. Determine b(1).
-18
Let f(i) = 7*i**2 + 74*i + 34. Give f(-10).
-6
Let j(t) = t**3 + 26*t**2 - 7*t - 94. Give j(-26).
88
Let f(a) = -a**2 - 9*a - 54. Determine f(-19).
-244
Let p(j) = 96*j**2 + 11905*j + 141. Determine p(-124).
17
Let s(p) = -p**3 - 9*p**2 - 7*p - 84. What is s(-10)?
86
Let k(z) = -11*z**2 - 22*z + 18. Determine k(-3).
-15
Let v(z) = z**2 + 9*z - 12. What is v(2)?
10
Let h(d) = -d**2 - 38*d - 304. What is h(-32)?
-112
Let b(p) = 7*p**2 + 112*p - 589. Give b(5).
146
Let a(q) = 3*q - 83. What is a(-17)?
-134
Let o(j) = -18*j + 159. Give o(8).
15
Let p(i) = i**2 + 1096*i - 6621. Give p(6).
-9
Let w(l) = l**2 - 58*l + 649. What is w(36)?
-143
Let x(g) = -g**3 - 38*g**2 + 169*g + 56. Give x(-42).
14
Let w(i) = 20*i**2 - 13*i - 10. What is w(0)?
-10
Let q(b) = 653*b - 4565. What is q(7)?
6
Let t(k) = -2*k**3 + 142*k**2 - 128*k - 810. Give t(70).
30
Let j(k) = 723*k - 23139. What is j(32)?
-3
Let f(i) = -2*i**2 - 33*i - 134. Calculate f(-13).
-43
Let a(b) = 123*b - 5682. Determine a(48).
222
Let k(g) = 3*g**3 - 7*g**2 - 7*g. Calculate k(4).
52
Let i(r) = r**3 - 3*r**2 - 11*r + 10. Determine i(-4).
-58
Let u(d) = d**3 - 34*d**2 + 71*d - 300. What is u(32)?
-76
Let g(q) = -q**2 - 468*q + 3328. Determine g(7).
3
Let m(a) = 62*a - 3765. What is m(62)?
79
Let h(z) = z**3 + 78*z**2 + 159*z + 559. Give h(-76).
27
Let x(u) = -577*u**2 + 4616*u - 20. Give x(8).
-20
Let i(n) = -1037*n - 4811. Determine i(-5).
374
Let a(c) = -2*c**2 + 126*c - 1459. Determine a(15).
-19
Let t(p) = -2*p + 358. Give t(28).
302
Let g(p) = p**3 - 2*p**2 - 3*p - 12. Give g(4).
8
Let v(o) = 9*o**3 + 62*o**2 - 8*o - 7. Calculate v(-7).
0
Let o(z) = -3*z**3 - 4*z**2 + 20*z - 20. Determine o(4).
-196
Let u(p) = 7*p**3 - 85*p**2 + 20*p - 106. Determine u(12).
-10
Let v(a) = 2*a**3 + 462*a**2 + 488*a + 6430. Calculate v(-230).
-10
Let s(k) = 2*k**2 - 177*k + 2791. Give s(68).
3
Let f(w) = -w**3 - 28*w**2 + 21*w + 56. Give f(-27).
-1240
Let z(p) = 2*p**2 + 260*p - 126748. Give z(195).
2
Let d(q) = 63*q + 507. Give d(-8).
3
Let q(f) = 2*f**3 - 102*f**2 + 288*f - 65. What is q(48)?
-65
Let v(t) = 4*t - 20. What is v(5)?
0
Let m(p) = -8*p - 54. Determine m(-2).
-38
Let n(c) = -c**3 + 27*c**2 - 9*c - 78. Determine n(27).
-321
Let b(h) = 41*h**2 + 117*h + 24. Calculate b(-4).
212
Let k(z) = -444*z + 436. Give k(1).
-8
Let b(f) = f**2 - 460. Calculate b(-22).
24
Let v(g) = -7*g - 387. What is v(-53)?
-16
Let u(j) = 6*j**3 + 564*j**2 + 7*j + 603. Calculate u(-94).
-55
Let b(s) = -s**2 - 33*s - 192. Determine b(-9).
24
Let o(x) = 2*x - 91. What is o(44)?
-3
Let b(l) = -24*l**2 + 91*l + 31. Give b(4).
11
Let l(p) = 10*p**3 + 3*p - 6. Calculate l(-3).
-285
Let t(h) = -h**3 + 29*h**2 - 164*h + 122. Calculate t(21).
206
Let i(b) = -b**3 + 8*b**2 + 32*b - 203. Calculate i(5).
32
Let j(g) = 16*g**2 + 217*g + 701. What is j(-4)?
89
Let h(k) = 2*k**2 + 57*k + 43. What is h(-27)?
-38
Let c(d) = -d - 41. Give c(-43).
2
Let w(i) = -56*i + 6267. Calculate w(112).
-5
Let l(q) = 1280*q + 8923. What is l(-7)?
-37
Let k(x) = x**3 + 128*x**2 - 534*x - 798. What is k(-132)?
-6
Let o(t) = 13*t + 242. Calculate o(-18).
8
Let c(u) = -u**3 + 16*u**2 - 27*u - 44. Determine c(14).
-30
Let r(s) = 3*s**3 - 26*s**2 - 8*s - 4. What is r(9)?
5
Let b(q) = -q**2 - 9*q + 466. Calculate b(-24).
106
Let b(w) = -2*w**2 - 60*w - 23. Calculate b(-32).
-151
Let l(z) = -33*z - 333. Determine l(-10).
-3
Let k(c) = 5*c**3 + 181*c**2 + 32*c - 181. Calculate k(-36).
-37
Let w(i) = -i**2 - 119*i + 1572. Calculate w(12).
0
Let j(b) = 3*b**2 + 9*b - 9. Determine j(1).
3
Let m(n) = n**3 - 5*n**2 + 9*n + 9. What is m(3)?
18
Let y(d) = 501*d - 10524. Determine y(21).
-3
Let m(i) = -i**3 + 28*i**2 - 202*i - 36. Give m(15).
-141
Let b(q) = 47*q - 643. Calculate b(14).
15
Let m(c) = c**3 - 49*c**2 + 82*c + 8. Give m(47).
-556
Let d(b) = b**3 - 138*b**2 - 8*b + 1095. Determine d(138).
-9
Let n(j) = -19*j + 4. What is n(12)?
-224
Let r(a) = 733*a + 6601. Determine r(-9).
4
Let z(r) = -2*r**2 - 94*r + 147. Determine z(-48).
51
Let i(j) = 4*j**2 + 20*j + 99. Determine i(-8).
195
Let b(f) = f**3 + 32*f**2 + 34*f + 90. Determine b(-31).
-3
Let r(h) = -471*h + 9. What is r(-1)?
480
Let j(x) = 23*x**3 + 47*x**2 + 30*x + 62. Give j(-2).
6
Let l(b) = -b**3 + 8*b**2 - 8*b - 35. Calculate l(4).
-3
Let g(z) = 59*z + 1870. Calculate g(-35).
-195
Let l(z) = -z**3 + 397*z**2 + 2001*z - 42. Determine l(-5).
3
Let f(a) = 158*a - 1382. What is f(9)?
40
Let g(s) = 22*s**3 + s**2 + 4*s + 4. Give g(-2).
-176
Let f(j) = -2*j**3 + 41*j**2 + 8*j - 556. Calculate f(20).
4
Let j(d) = 24*d**2 + 424*d - 147. Determine j(-18).
-3
Let i(t) = -4*t**2 + 10*t + 182. What is i(10)?
-118
Let j(q) = -5*q**3 - 930*q**2 - 13*q - 2411. Determine j(-186).
7
Let p(u) = -3*u**2 - 140*u - 223. Calculate p(-45).
2
Let w(x) = -43*x**2 - 2437*x + 802. Give w(-57).
4
Let m(l) = 4*l**3 + 492*l**2 + 1441*l + 112. Determine m(-120).
-8
Let o(g) = -g**2 + 337*g + 1700. Give o(-5).
-10
Let y(c) = 560*c - 28562. Determine y(51).
-2
Let i(k) = -2*k**3 + 75*k**2 - 44*k - 12. Determine i(37).
-271
Let n(c) = -2*c**3 + 9*c - 6. Determine n(4).
-98
Let g(b) = 2*b**3 - 9*b**2 + 7*b - 4. What is g(4)?
8
Let l(b) = 924*b - 18471. Give l(20).
9
Let d(r) = r**3 + 30*r**2 - 8*r + 20. Determine d(-30).
260
Let k(o) = -o**2 - 29*o - 129. Determine k(-6).
9
Let q(b) = b**2 + 85*b + 1781. Determine q(-38).
-5
Let n(t) = -t**2 + 50*t - 449. Calculate n(12).
7
Let v(x) = 6724*x - 40352. What is v(6)?
-8
Let t(n) = -2*n**3 + 72*n**2 + 420*n - 417. What is t(41)?
-7
Let d(s) = -s**3 - 12*s**2 + 96*s + 1180. Determine d(-11).
3
Let i(j) = -35*j - 55. Determine i(-11).
330
Let u(b) = 2*b**2 + 42*b + 59. Give u(-6).
-121
Let w(u) = 69*u**2 - 19*u - 18. Give w(-1).
70
Let d(t) =